{"id":18675,"date":"2020-08-21T18:42:00","date_gmt":"2020-08-21T18:42:00","guid":{"rendered":"https:\/\/letrasenlafrontera.org\/?page_id=18675"},"modified":"2020-08-21T18:45:25","modified_gmt":"2020-08-21T18:45:25","slug":"mauricio-patron-rivera","status":"publish","type":"page","link":"https:\/\/letrasenlafrontera.org\/index.php\/miembros\/mauricio-patron-rivera\/","title":{"rendered":"Mauricio Patr\u00f3n Rivera"},"content":{"rendered":"<p class=\"p1\"><span class=\"s1\"><b>Mauricio Patr\u00f3n Rivera<\/b> (Ciudad de M\u00e9xico, 1984). MFA Programa de Estudios Independientes (Macba-UAB). MA Derechos Humanos (Ibero Ciudad de M\u00e9xico).\u00a0 BA Periodismo en la UNAM. Actualmente es becario de la Fundaci\u00f3n Jumex Arte Contempor\u00e1neo para cursar el PhD en Estudios Hisp\u00e1nicos en la Universidad de Houston. Mauricio trabaja con el texto y su relaci\u00f3n con la comunidad. Su trabajo se agarra del feminismo descolonial, la necropol\u00edtica, los derechos humanos y el periodismo. Ha publicado \u201cVoices Spinning off the Orbit. Testimonials from Three Domestic Workers en\u00a0<i>Domestic Orbits<\/i>\u00a0(Gato Negro Ediciones, 2019), \u201cNunca m\u00e1s un M\u00e9xico sin nosotras. La voz de las trabajadoras del hogar en su lucha por la ratificaci\u00f3n del Convenio 189 de la OIT\u201d en\u00a0<i>Revista Metodhos<\/i>\u00a0(CDHDF, 2017), \u201cAparici\u00f3n Voluntaria\u201d en\u00a0<i>D\u00edas de campo \u00bfQui\u00e9n nos necesita?<\/i>\u00a0(Taller de Ediciones Econ\u00f3micas, 2018), \u201cHacia un cuerpo en la necropol\u00edtica\u201d en\u00a0<i>Pol\u00edticas, pr\u00e1cticas y pedagog\u00edas TRANS<\/i>\u00a0(UOC, 2015), y\u00a0<i>Tu cuerpo m\u00edo<\/i>\u00a0(Defunkt, 2019), entre otros.<\/span><\/p>\n","protected":false},"excerpt":{"rendered":"<p>Mauricio Patr\u00f3n Rivera (Ciudad de M\u00e9xico, 1984). MFA Programa de Estudios Independientes (Macba-UAB). MA Derechos Humanos (Ibero Ciudad de M\u00e9xico).\u00a0 BA Periodismo en&hellip;<\/p>\n","protected":false},"author":1,"featured_media":18676,"parent":16994,"menu_order":0,"comment_status":"closed","ping_status":"closed","template":"","meta":{"footnotes":""},"coauthors":[],"class_list":["post-18675","page","type-page","status-publish","has-post-thumbnail","hentry"],"jetpack_sharing_enabled":true,"_links":{"self":[{"href":"https:\/\/letrasenlafrontera.org\/index.php\/wp-json\/wp\/v2\/pages\/18675","targetHints":{"allow":["GET"]}}],"collection":[{"href":"https:\/\/letrasenlafrontera.org\/index.php\/wp-json\/wp\/v2\/pages"}],"about":[{"href":"https:\/\/letrasenlafrontera.org\/index.php\/wp-json\/wp\/v2\/types\/page"}],"author":[{"embeddable":true,"href":"https:\/\/letrasenlafrontera.org\/index.php\/wp-json\/wp\/v2\/users\/1"}],"replies":[{"embeddable":true,"href":"https:\/\/letrasenlafrontera.org\/index.php\/wp-json\/wp\/v2\/comments?post=18675"}],"version-history":[{"count":1,"href":"https:\/\/letrasenlafrontera.org\/index.php\/wp-json\/wp\/v2\/pages\/18675\/revisions"}],"predecessor-version":[{"id":18677,"href":"https:\/\/letrasenlafrontera.org\/index.php\/wp-json\/wp\/v2\/pages\/18675\/revisions\/18677"}],"up":[{"embeddable":true,"href":"https:\/\/letrasenlafrontera.org\/index.php\/wp-json\/wp\/v2\/pages\/16994"}],"wp:featuredmedia":[{"embeddable":true,"href":"https:\/\/letrasenlafrontera.org\/index.php\/wp-json\/wp\/v2\/media\/18676"}],"wp:attachment":[{"href":"https:\/\/letrasenlafrontera.org\/index.php\/wp-json\/wp\/v2\/media?parent=18675"}],"wp:term":[{"taxonomy":"author","embeddable":true,"href":"https:\/\/letrasenlafrontera.org\/index.php\/wp-json\/wp\/v2\/coauthors?post=18675"}],"curies":[{"name":"wp","href":"https:\/\/api.w.org\/{rel}","templated":true}]}}